digit of t(-3)?
7
Let n be 40/15*(-9)/(-6). What is the tens digit of (33 + 209)*6/n?
6
Suppose -3322 = -2*c + 5*b, -4983 = 31*c - 34*c + 5*b. Let t = -691 + c. What is the hundreds digit of t?
9
Let d(k) = -3*k**3 - 25*k**2 + 2*k + 7. Let h(s) = -s**3 - 8*s**2 + s + 2. Let j(p) = -4*d(p) + 11*h(p). What is the tens digit of j(-6)?
9
Let c = 857 + -420. Let i = 1038 - c. What is the hundreds digit of i?
6
What is the hundreds digit of 31095/(-5)*(-1)/21*7?
0
Suppose -4*d + 5*s - 26 = 34, d - 3*s + 15 = 0. Let k be (d/10 + 2)*186. Let r = 25 + k. What is the tens digit of r?
1
What is the tens digit of 12111822/270 - (-3 - ((-38)/5 + 3))?
5
Let o(y) = -y**3 + 13*y**2 - 11*y + 11. Let w(v) = -3*v**3 + 39*v**2 - 34*v + 32. Let u(z) = -8*o(z) + 3*w(z). What is the tens digit of u(11)?
9
Suppose -f + 4*f - 21 = 3*a, f + 4*a = 27. What is the units digit of (-12 + f)/((-208)/204 - -1)?
1
Suppose 5*r - 20 = 3*h, -r = 5*h - 0*r - 4. What is the hundreds digit of (-2)/(-4) + (h - (-1798)/4)?
4
Let w = -122 - -288. Suppose 2*x + 75 = -c - 2*x, -198 = 2*c - 4*x. Let r = c + w. What is the units digit of r?
5
Suppose -3 = -f, 4*f - 36 = 5*k + 71. Let b(t) = t**2 - 19*t + 26. What is the tens digit of b(k)?
4
Suppose 56*l = -71 + 295. Let r be ((-2)/4)/(1/(-8)). Suppose n = -r*x + 48, -2*n = l*x - 9*x - 57. What is the tens digit of n?
3
Suppose 57*a - 2643748 = -98*a - 1011443. What is the thousands digit of a?
0
What is the tens digit of (43 + -5)/(2/321)?
9
Suppose -51*n = -230*n + 1060396. What is the tens digit of n?
2
Suppose 558 = 4*h - 70. Let a = 285 - h. Suppose -4*u = -5*u + a. What is the hundreds digit of u?
1
Let g = 538 - 541. Let y(w) = -7*w**3 - w**2 + w - 6. What is the hundreds digit of y(g)?
1
Suppose k + 4*k = 0, -4*h + 3*k = 5552. Let r = 2851 + h. What is the thousands digit of r?
1
Let n = -7976 + 14194. What is the hundreds digit of n?
2
Let o = -2253 - -11429. What is the thousands digit of o?
9
Suppose -55*q + 324737 + 260683 = 11*q. What is the tens digit of q?
7
Suppose 0*u + 6*u + 6 = 0. Let l(h) be the first derivative of -189*h**2/2 - 5*h - 31. What is the tens digit of l(u)?
8
Let h = 106 - 65. Let d = h + -47. Let n(i) = -9*i + 7. What is the tens digit of n(d)?
6
Let h = -1 - 0. Let s = -56 - h. What is the tens digit of 2296/44 + 10/s?
5
Let l(k) = -17*k + 13. Let r be l(1). What is the hundreds digit of (2 - -258) + r - 4?
2
Suppose -87*t + 331*t - 862513 = -42429. What is the units digit of t?
1
Suppose 3*j - 2*j + 4*t - 7122 = 0, 5*t = -7*j + 49992. What is the thousands digit of j?
7
What is the tens digit of 593868/(-72)*-6 - -5?
9
Suppose -2*t = 18*u - 21*u - 28770, 3*u = -4*t + 57558. What is the units digit of t?
8
Let a = 121959 + -83094. What is the units digit of a?
5
Let b(n) be the second derivative of -1/2*n**2 + 0*n**3 + 27*n + 0 + 23/12*n**4. What is the tens digit of b(-2)?
9
Let r(m) = 6*m + 227. Suppose 6*k = -11*k - 187. What is the tens digit of r(k)?
6
Suppose 5*v - 2*w = -7*w - 180, 152 = -5*v + 2*w. Let q be v/(-12)*42/8. Suppose 11*f - q*f = -3. What is the units digit of f?
1
Suppose -319*q + 6148224 = -6332013. What is the ten thousands digit of q?
3
Let u be 411*(-1 + (-7)/(-21)). Let h = 592 - u. What is the hundreds digit of h?
8
Suppose -5*k = -2*c + 89493, 36*c - 2*k = 38*c - 89500. What is the thousands digit of c?
4
Let t = -333 + 787. Suppose 10 = -5*v, 0 = 2*n - 5*v - 6 - t. What is the units digit of n?
5
What is the units digit of -121*34/(-748)*(-122216)/(-22)?
4
Suppose 22*r - 27*r + 5*y - 5 = 0, 0 = -3*r - 3*y + 15. Suppose -2*a = 5*k - 1674, r*k - 4*a = -160 + 844. What is the tens digit of k?
3
Let g be ((-44)/(-12) - 4) + 13/3. Let y be (-5 - -3) + 1 + 3. Suppose -o + 60 = y*a, g*a + 285 = 5*o - a. What is the units digit of o?
8
Suppose -21*m + 35*m = 56. Let d(w) = 92*w**2 + 15*w + 7. What is the units digit of d(m)?
9
Let q(d) = 43*d - 18. Let i be q(17). Let o = i + 532. What is the tens digit of o?
4
Let b be (-2 + -2)/(38276/12764 - 3). Let d = b + -1844. What is the tens digit of d?
4
What is the units digit of (197745/25)/((-30)/(-50))?
3
Let z = -65 + 72. Let d be 1*z + -31 + 27. Suppose 4*q - 240 = -2*o, -2*o - 2*o = -d*q - 458. What is the hundreds digit of o?
1
Let n = 27 - 15. Let v(s) = -1 + 7*s - 50*s + s**2 + 20*s + 11*s + 2. What is the units digit of v(n)?
1
Suppose 5*o = 3*c + 34 + 26, 3*o - 4*c - 47 = 0. What is the tens digit of 147*(-2 + 24/o + 0)?
9
Let d(x) = -x**3 + 31*x**2 + 34*x + 75. Let a be d(32). Let f = 133 - a. What is the hundreds digit of (f/9)/(9/(-2133))?
1
Let d be 3/((0 + 3)/519). Let n = -494 + d. What is the units digit of n?
5
Suppose 0 = -29*m - 7*m + 23364. What is the units digit of m?
9
Let u(x) = 7*x**2 + 4*x + 1446. What is the tens digit of u(0)?
4
Let z(l) = 52*l**2 - 67*l + 386. What is the tens digit of z(15)?
8
Suppose 479*n + 222950 = 529*n. What is the hundreds digit of n?
4
Let r = -3016 - -6670. What is the units digit of r?
4
Let x(v) = -v**3 + 10*v**2 - 5*v + 8. Let a be x(10). Let p = -12 - a. What is the units digit of (204/p)/((-3)/(-15))?
4
Let b = 12627 + 17462. What is the thousands digit of b?
0
Let t(y) = -y**3 - y**2 + 19*y + 40. Let p be t(10). Let q = -37 - p. What is the hundreds digit of q?
8
What is the ten thousands digit of (-6)/30 + (-2)/4*459906/(-15)?
1
Suppose -6471 = -4*c + 5*o + 2653, c - 2274 = 3*o. What is the thousands digit of c?
2
Let l(s) = s**3 - 20*s**2 + 21*s + 15. Let w be l(19). Let a = -44 + w. Let q(b) = 2*b + 14. What is the tens digit of q(a)?
3
Let n(o) = o**2 + 9*o - 21. Let b be n(-9). What is the tens digit of 30/b + 1 + (-68976)/(-126)?
4
Let g(t) = t**2 - 4*t + 11. Let z be g(-21). Suppose 5*f = z + 144. Let n = 197 - f. What is the tens digit of n?
6
Suppose -197*k + 30254 = 5*b - 199*k, -2*b - k + 12116 = 0. What is the hundreds digit of b?
0
Let b = 33195 + -10876. What is the hundreds digit of b?
3
Suppose -4 = -2*w, 39*p + 10*w = 43*p - 228448. What is the tens digit of p?
1
Let d be 10/(-55) + (-57)/(-11). Suppose d*x - 4*r - 962 = 0, -4*x = 3*r - 551 - 200. Suppose 7*y + x = 9*y. What is the tens digit of y?
9
Let h be (-270)/(-63) + (-5)/(35/2). Suppose -h*a + 3*j = -389, 0 = 2*a + 22*j - 24*j - 196. What is the units digit of a?
5
Let c(p) = -636*p - 323. What is the tens digit of c(-8)?
6
Let z be 14/(-12) - (-10689)/(-126). Let n(w) = 2*w**2 + 4*w + 3. Let s be n(6). Let p = s + z. What is the units digit of p?
3
Let v be -254 + 0 + (-12)/(-4). Suppose -4*n - 4*t = 396, -2*n + 2*t - 184 = -3*t. Let y = n - v. What is the units digit of y?
4
Let v(a) = -40*a**3 + 7*a**2 - 12*a + 101. What is the ten thousands digit of v(-10)?
4
Let f be (-61)/(-8 - (-343)/42). Let z = f - -1824. What is the thousands digit of z?
1
Suppose 6*t = 14 - 2. Suppose 0 = -4*x - t*x + 156. What is the units digit of 4 - (0 - -1)/(13/x)?
2
Let y = 15 + -20. Let u be ((-3)/(-2))/(y/70). What is the units digit of (-117)/u + 16/(-28)?
5
Let b be (5/6 + 1/(-2))*12. Suppose 6 = -3*t + 5*v - v, 23 = b*t + 5*v. Suppose -92 - 2 = -t*s. What is the units digit of s?
7
Suppose 5*u - 5*a = 74710, -u + 41*a - 43*a = -14930. What is the ten thousands digit of u?
1
Suppose 85 + 62 = -3*j. What is the units digit of (-4)/(-28) + (-50757)/j?
6
Let r(g) = -2*g**2 + 21*g - 17. Suppose -4*f = 4*b - 36, -3*b = -3*f + 12 + 15. Let z be r(f). What is the units digit of (-6)/(-4) - z/(-20)?
2
Let w(a) = 3*a**2 - 2*a + 274. What is the thousands digit of w(-32)?
3
Suppose -1 = -8*z - 73. Let w be (-80)/(-15)*z/(-6). Suppose 140 = 2*y + 3*m, w*m - 3*m - 56 = -y. What is the tens digit of y?
7
Let k = -3 - -29. Let u = 89 - k. Let g = u + -43. What is the units digit of g?
0
Let w = 46 + -40. Suppose w*u = u. Suppose u = 3*q + 4*v - 125, 83 = 2*q + v + 2*v. What is the units digit of q?
3
Let u(l) = 14*l**2 - 56*l + 3594. What is the units digit of u(73)?
2
What is the units digit of 25*1316 + -2*5/2?
5
Let t(a) = a**3 + 12*a**2 - a - 18. Let o = 47 + -54. Let q be t(o). Let r = q + -119. What is the hundreds digit of r?
1
Suppose -3*w - 2*f - 1 = 2*w, -4*w + 19 = -5*f. Let y be ((-6)/w)/(-36) + 350/(-12). Let c(z) = -z**2 - 33*z - 26. What is the units digit of c(y)?
0
Let o = 186 + -183. What is the tens digit 